{"id":21,"date":"2016-12-02T15:15:06","date_gmt":"2016-12-02T15:15:06","guid":{"rendered":"https:\/\/gadmuisne.gob.ec\/web\/\/?page_id=21"},"modified":"2019-09-19T18:01:21","modified_gmt":"2019-09-19T16:01:21","slug":"about-us","status":"publish","type":"page","link":"https:\/\/gadmuisne.gob.ec\/web\/about-us\/","title":{"rendered":"Nosotros"},"content":{"rendered":"<div class=\"wpb-content-wrapper\"><p>[vc_row][vc_column][vc_single_image image=\u00bb1291&#8243; alignment=\u00bbcenter\u00bb style=\u00bbvc_box_outline\u00bb border_color=\u00bbborder\u00bb onclick=\u00bblink_image\u00bb css_animation=\u00bbbounceInLeft\u00bb css=\u00bb.vc_custom_1562665820607{margin-bottom: 45px !important;}\u00bb][vc_row_inner gap=\u00bb35&#8243;][vc_column_inner width=\u00bb1\/2&#8243;][cartana_shortcode_heading heading_title=\u00bbMISI\u00d3N\u00bb heading_el_tag=\u00bbh1&#8243; heading_title_size=\u00bbcustom\u00bb heading_title_custom_size=\u00bb30&#8243; heading_title_line_height=\u00bb1&#8243; heading_color=\u00bbcustom\u00bb heading_title_custom_color=\u00bb#085d31&#8243; heading_title_ff=\u00bbgoogle-font\u00bb heading_title_custom_ff=\u00bbfont_family:Montserrat%3Aregular%2C700|font_style:700%20bold%20regular%3A700%3Anormal\u00bb heading_subtitle_enable=\u00bb0&#8243; heading_separator_enable=\u00bb1&#8243; heading_separator_width=\u00bbcustom-width\u00bb heading_separator_custom_width=\u00bb50px\u00bb heading_separator_height=\u00bbcustom-height\u00bb heading_separator_custom_height=\u00bb7px\u00bb heading_separator_color=\u00bbborder\u00bb heading_title_responsive_title_size=\u00bb0&#8243; css=\u00bb.vc_custom_1562665769229{margin-bottom: 25px !important;}\u00bb][vc_column_text css=\u00bb.vc_custom_1562664118982{margin-bottom: 28px !important;}\u00bb]<\/p>\n<p style=\"text-align: justify;\">Planear, implementar y sostener las acciones del desarrollo del Gobierno Aut\u00f3nomo Descentralizado Municipal del Cant\u00f3n Muisne. Dinamizar los proyectos de obras y servicios con calidad y oportunidad, que aseguren el desarrollo social y econ\u00f3mico de la poblaci\u00f3n, con la participaci\u00f3n directa y efectiva de los diferentes actores sociales, dentro de un marco de transparencia y \u00e9tica institucional y con el aprovechamiento \u00f3ptimo de los recursos humanos altamente comprometidos, capacitados y motivados.<\/p>\n<p>[\/vc_column_text][\/vc_column_inner][vc_column_inner width=\u00bb1\/2&#8243;][cartana_shortcode_heading heading_title=\u00bbVISI\u00d3N\u00bb heading_el_tag=\u00bbh1&#8243; heading_title_size=\u00bbcustom\u00bb heading_title_custom_size=\u00bb30&#8243; heading_title_line_height=\u00bb1&#8243; heading_color=\u00bbcustom\u00bb heading_title_custom_color=\u00bb#085d31&#8243; heading_title_ff=\u00bbgoogle-font\u00bb heading_title_custom_ff=\u00bbfont_family:Montserrat%3Aregular%2C700|font_style:700%20bold%20regular%3A700%3Anormal\u00bb heading_subtitle_enable=\u00bb0&#8243; heading_separator_enable=\u00bb1&#8243; heading_separator_width=\u00bbcustom-width\u00bb heading_separator_custom_width=\u00bb50px\u00bb heading_separator_height=\u00bbcustom-height\u00bb heading_separator_custom_height=\u00bb7px\u00bb heading_separator_color=\u00bbborder\u00bb heading_title_responsive_title_size=\u00bb0&#8243; css=\u00bb.vc_custom_1562665782416{margin-bottom: 25px !important;}\u00bb][vc_column_text css=\u00bb.vc_custom_1562665034143{margin-bottom: 28px !important;}\u00bb]<\/p>\n<p style=\"text-align: justify;\">Constituirse en el promotor del desarrollo local y contar con una organizaci\u00f3n interna, altamente eficiente, generadora de productos y servicios acordes con la demanda de la sociedad, capaz de asumir los nuevos roles vinculados con el desarrollo planificado, descentralizando, mediante la optimizaci\u00f3n de los recursos, que aseguren la calidad de vida de la poblaci\u00f3n.<\/p>\n<p>[\/vc_column_text][\/vc_column_inner][\/vc_row_inner][\/vc_column][\/vc_row]<\/p>\n<\/div>","protected":false},"excerpt":{"rendered":"<p>[vc_row][vc_column][vc_single_image image=\u00bb1291&#8243; alignment=\u00bbcenter\u00bb style=\u00bbvc_box_outline\u00bb border_color=\u00bbborder\u00bb onclick=\u00bblink_image\u00bb css_animation=\u00bbbounceInLeft\u00bb css=\u00bb.vc_custom_1562665820607{margin-bottom: 45px !important;}\u00bb][vc_row_inner gap=\u00bb35&#8243;][vc_column_inner width=\u00bb1\/2&#8243;][cartana_shortcode_heading heading_title=\u00bbMISI\u00d3N\u00bb heading_el_tag=\u00bbh1&#8243; heading_title_size=\u00bbcustom\u00bb heading_title_custom_size=\u00bb30&#8243; heading_title_line_height=\u00bb1&#8243; heading_color=\u00bbcustom\u00bb heading_title_custom_color=\u00bb#085d31&#8243; heading_title_ff=\u00bbgoogle-font\u00bb heading_title_custom_ff=\u00bbfont_family:Montserrat%3Aregular%2C700|font_style:700%20bold%20regular%3A700%3Anormal\u00bb heading_subtitle_enable=\u00bb0&#8243; heading_separator_enable=\u00bb1&#8243; heading_separator_width=\u00bbcustom-width\u00bb heading_separator_custom_width=\u00bb50px\u00bb heading_separator_height=\u00bbcustom-height\u00bb heading_separator_custom_height=\u00bb7px\u00bb heading_separator_color=\u00bbborder\u00bb heading_title_responsive_title_size=\u00bb0&#8243; css=\u00bb.vc_custom_1562665769229{margin-bottom: 25px !important;}\u00bb][vc_column_text css=\u00bb.vc_custom_1562664118982{margin-bottom: 28px !important;}\u00bb] Planear, implementar y sostener las acciones del desarrollo del Gobierno Aut\u00f3nomo Descentralizado Municipal del Cant\u00f3n&#8230;<\/p>\n","protected":false},"author":1,"featured_media":0,"parent":0,"menu_order":0,"comment_status":"closed","ping_status":"closed","template":"","meta":{"footnotes":""},"class_list":["post-21","page","type-page","status-publish","hentry"],"_links":{"self":[{"href":"https:\/\/gadmuisne.gob.ec\/web\/wp-json\/wp\/v2\/pages\/21","targetHints":{"allow":["GET"]}}],"collection":[{"href":"https:\/\/gadmuisne.gob.ec\/web\/wp-json\/wp\/v2\/pages"}],"about":[{"href":"https:\/\/gadmuisne.gob.ec\/web\/wp-json\/wp\/v2\/types\/page"}],"author":[{"embeddable":true,"href":"https:\/\/gadmuisne.gob.ec\/web\/wp-json\/wp\/v2\/users\/1"}],"replies":[{"embeddable":true,"href":"https:\/\/gadmuisne.gob.ec\/web\/wp-json\/wp\/v2\/comments?post=21"}],"version-history":[{"count":19,"href":"https:\/\/gadmuisne.gob.ec\/web\/wp-json\/wp\/v2\/pages\/21\/revisions"}],"predecessor-version":[{"id":1270,"href":"https:\/\/gadmuisne.gob.ec\/web\/wp-json\/wp\/v2\/pages\/21\/revisions\/1270"}],"wp:attachment":[{"href":"https:\/\/gadmuisne.gob.ec\/web\/wp-json\/wp\/v2\/media?parent=21"}],"curies":[{"name":"wp","href":"https:\/\/api.w.org\/{rel}","templated":true}]}}

<div class="wpb-content-wrapper"><p>[vc_row][vc_column][vc_single_image image=»1291&#8243; alignment=»center» style=»vc_box_outline» border_color=»border» onclick=»link_image» css_animation=»bounceInLeft» css=».vc_custom_1562665820607{margin-bottom: 45px !important;}»][vc_row_inner gap=»35&#8243;][vc_column_inner width=»1/2&#8243;][cartana_shortcode_heading heading_title=»MISIÓN» heading_el_tag=»h1&#8243; heading_title_size=»custom» heading_title_custom_size=»30&#8243; heading_title_line_height=»1&#8243; heading_color=»custom» heading_title_custom_color=»#085d31&#8243; heading_title_ff=»google-font» heading_title_custom_ff=»font_family:Montserrat%3Aregular%2C700|font_style:700%20bold%20regular%3A700%3Anormal» heading_subtitle_enable=»0&#8243; heading_separator_enable=»1&#8243; heading_separator_width=»custom-width» heading_separator_custom_width=»50px» heading_separator_height=»custom-height» heading_separator_custom_height=»7px» heading_separator_color=»border» heading_title_responsive_title_size=»0&#8243; css=».vc_custom_1562665769229{margin-bottom: 25px !important;}»][vc_column_text css=».vc_custom_1562664118982{margin-bottom: 28px !important;}»]</p>
<p style="text-align: justify;">Planear, implementar y sostener las acciones del desarrollo del Gobierno Autónomo Descentralizado Municipal del Cantón Muisne. Dinamizar los proyectos de obras y servicios con calidad y oportunidad, que aseguren el desarrollo social y económico de la población, con la participación directa y efectiva de los diferentes actores sociales, dentro de un marco de transparencia y ética institucional y con el aprovechamiento óptimo de los recursos humanos altamente comprometidos, capacitados y motivados.</p>
<p>[/vc_column_text][/vc_column_inner][vc_column_inner width=»1/2&#8243;][cartana_shortcode_heading heading_title=»VISIÓN» heading_el_tag=»h1&#8243; heading_title_size=»custom» heading_title_custom_size=»30&#8243; heading_title_line_height=»1&#8243; heading_color=»custom» heading_title_custom_color=»#085d31&#8243; heading_title_ff=»google-font» heading_title_custom_ff=»font_family:Montserrat%3Aregular%2C700|font_style:700%20bold%20regular%3A700%3Anormal» heading_subtitle_enable=»0&#8243; heading_separator_enable=»1&#8243; heading_separator_width=»custom-width» heading_separator_custom_width=»50px» heading_separator_height=»custom-height» heading_separator_custom_height=»7px» heading_separator_color=»border» heading_title_responsive_title_size=»0&#8243; css=».vc_custom_1562665782416{margin-bottom: 25px !important;}»][vc_column_text css=».vc_custom_1562665034143{margin-bottom: 28px !important;}»]</p>
<p style="text-align: justify;">Constituirse en el promotor del desarrollo local y contar con una organización interna, altamente eficiente, generadora de productos y servicios acordes con la demanda de la sociedad, capaz de asumir los nuevos roles vinculados con el desarrollo planificado, descentralizando, mediante la optimización de los recursos, que aseguren la calidad de vida de la población.</p>
<p>[/vc_column_text][/vc_column_inner][/vc_row_inner][/vc_column][/vc_row]</p>
</div>

<p>[vc_row][vc_column][vc_single_image image=»1291&#8243; alignment=»center» style=»vc_box_outline» border_color=»border» onclick=»link_image» css_animation=»bounceInLeft» css=».vc_custom_1562665820607{margin-bottom: 45px !important;}»][vc_row_inner gap=»35&#8243;][vc_column_inner width=»1/2&#8243;][cartana_shortcode_heading heading_title=»MISIÓN» heading_el_tag=»h1&#8243; heading_title_size=»custom» heading_title_custom_size=»30&#8243; heading_title_line_height=»1&#8243; heading_color=»custom» heading_title_custom_color=»#085d31&#8243; heading_title_ff=»google-font» heading_title_custom_ff=»font_family:Montserrat%3Aregular%2C700|font_style:700%20bold%20regular%3A700%3Anormal» heading_subtitle_enable=»0&#8243; heading_separator_enable=»1&#8243; heading_separator_width=»custom-width» heading_separator_custom_width=»50px» heading_separator_height=»custom-height» heading_separator_custom_height=»7px» heading_separator_color=»border» heading_title_responsive_title_size=»0&#8243; css=».vc_custom_1562665769229{margin-bottom: 25px !important;}»][vc_column_text css=».vc_custom_1562664118982{margin-bottom: 28px !important;}»] Planear, implementar y sostener las acciones del desarrollo del Gobierno Autónomo Descentralizado Municipal del Cantón&#8230;</p>
